676150?
-676145
In base 7, what is -1005 - 200?
-1205
In base 14, what is -393 + c83?
8d0
In base 13, what is 44b - -736?
b84
In base 2, what is 1100 + 11000011100010100?
11000011100100000
In base 5, what is 10334 + -143?
10141
In base 12, what is -6 - -1a060?
1a056
In base 10, what is 64246 + 1?
64247
In base 11, what is 166 - -2323?
2489
In base 11, what is -270 - -398?
128
In base 16, what is -19e8 - 0?
-19e8
In base 9, what is 12 - 6033?
-6021
In base 3, what is 10 - -2021210122?
2021210202
In base 5, what is 102 - -1000244?
1000401
In base 13, what is 26a + 91?
32b
In base 8, what is 4652 - 153?
4477
In base 3, what is -2000000210 + 2?
-2000000201
In base 15, what is 3899a - -1?
3899b
In base 16, what is 0 + 166d1?
166d1
In base 2, what is -111111101 - 1100010001111?
-1101010001100
In base 9, what is 14 - -2685?
2710
In base 8, what is 122532 - -20?
122552
In base 13, what is -5 + a8896?
a8891
In base 2, what is -11 + -11000?
-11011
In base 15, what is 54c11 - -6?
54c17
In base 9, what is 22 - 2744?
-2722
In base 14, what is 21d38c - 3?
21d389
In base 9, what is 27 - -1062?
1100
In base 6, what is -2003443 + 15?
-2003424
In base 16, what is 6 - 133c46?
-133c40
In base 7, what is 153 - -23053?
23236
In base 16, what is -10537 - 25?
-1055c
In base 13, what is -4 - -4189c8?
4189c4
In base 3, what is -12 - 1012220200?
-1012220212
In base 15, what is 6 + -2cb?
-2c5
In base 2, what is 10100011001110010001 - -110?
10100011001110010111
In base 15, what is -1106 - -4d?
-10a8
In base 12, what is 1551 + -60?
14b1
In base 5, what is 11222333 + 1?
11222334
In base 9, what is -4 - -2611815?
2611811
In base 5, what is -244003 - -42?
-243411
In base 14, what is 3 - 25475c?
-254759
In base 10, what is -9 + -889?
-898
In base 6, what is -1204 + -1414?
-3022
In base 11, what is 5 + 140159?
140163
In base 7, what is 1233100 + -3?
1233064
In base 4, what is 1 + -3332211223?
-3332211222
In base 12, what is 346 + -32?
314
In base 8, what is 1 - 4350120?
-4350117
In base 2, what is -100111010100 + 0?
-100111010100
In base 13, what is -1aaa - 209?
-1cb6
In base 7, what is -10 + 30534?
30524
In base 11, what is 334 - 281?
63
In base 2, what is -10 + -1011111011001010?
-1011111011001100
In base 13, what is 3 - -89b4?
89b7
In base 11, what is 2548150 + -4?
2548147
In base 7, what is -5446 + 141?
-5305
In base 3, what is -12221120222 + 210?
-12221120012
In base 2, what is -11110001010100101 + -10?
-11110001010100111
In base 15, what is -569 + -5?
-56e
In base 6, what is -14034 + -205?
-14243
In base 9, what is 2324555 - -1?
2324556
In base 9, what is 22 - 1118?
-1086
In base 3, what is -21100102210 - 121?
-21100110101
In base 3, what is 2 - -110111022?
110111101
In base 14, what is -8c1 - -a9b?
1ba
In base 11, what is 1354 - 7?
1348
In base 9, what is -6723 + -22?
-6745
In base 13, what is -356 + -42?
-398
In base 5, what is 1133 + -20441?
-14303
In base 9, what is -11357 - 4?
-11362
In base 13, what is -44 - -1cb32?
1cabb
In base 9, what is -125 - -1347?
1222
In base 10, what is 3438 - -94?
3532
In base 11, what is 4638 - -3?
4640
In base 15, what is 6 + -d3e?
-d38
In base 15, what is 2c - -2a93?
2ac0
In base 16, what is 48 + 42a?
472
In base 12, what is -12917 - 22?
-12939
In base 8, what is -32621 - 24?
-32645
In base 9, what is 53 + -10777?
-10724
In base 6, what is 2 + 2424040?
2424042
In base 4, what is -321 - 322220?
-323201
In base 16, what is -77e - 31?
-7af
In base 8, what is -11 - -670?
657
In base 16, what is 5 - 1a684?
-1a67f
In base 6, what is 131412 - 11?
131401
In base 14, what is 1 + -23c35?
-23c34
In base 2, what is 100101101111001011 - 100?
100101101111000111
In base 12, what is -1365 - -35?
-1330
In base 10, what is -69 + -7718?
-7787
In base 8, what is -17424 - -1?
-17423
In base 14, what is 28c353 - 5?
28c34c
In base 16, what is -14 - 66?
-7a
In base 9, what is -5 - -867446?
867441
In base 9, what is -332 + 13223?
12781
In base 13, what is -1a - -980?
963
In base 14, what is -93 - -192b0?
1921b
In base 8, what is -2 - 502173?
-502175
In base 6, what is 555 - -40222?
41221
In base 13, what is 11583 - 0?
11583
In base 13, what is 1b32 + 289?
20bb
In base 11, what is -2138 - -2?
-2136
In base 10, what is 6846 + 6?
6852
In base 12, what is -195 + 308?
133
In base 15, what is -3 - -29b7?
29b4
In base 4, what is 312022 - -2131?
320213
In base 7, what is 261 - -35114?
35405
In base 2, what is -111000110100 + -1011000?
-111010001100
In base 5, what is -2 + -1133140?
-1133142
In base 15, what is -11 - 911?
-922
In base 10, what is 5 - -1089?
1094
In base 4, what is 1023303 - -2023?
1031332
In base 3, what is 11 - -2220220111?
2220220122
In base 14, what is 645 - ad0?
-489
In base 12, what is -33a - -1?
-339
In base 9, what is 5 - 55804?
-55788
In base 9, what is -11702 - -253?
-11438
In base 8, what is 136 + 12407?
12545
In base 5, what is -1033 - 120?
-1203
In base 14, what is -aa82 - 0?
-aa82
In base 3, what is 101202 - -110?
102012
In base 12, what is -10533 + -2?
-10535
In base 6, what is 12 - 2415124?
-2415112
In base 6, what is -101411 + -24?
-101435
In base 3, what is 11021000201 - 10?
11021000121
In base 13, what is a490 + 1?
a491
In base 12, what is ba - 29b7?
-28b9
In base 10, what is 4203042 + -5?
4203037
In base 4, what is -11 - -10011303?
10011232
In base 10, what is 162 + -380?
-218
In base 12, what is 5 + 3030?
3035
In base 11, what is -277981 - 0?
-277981
In base 10, what is -92 - 9937?
-10029
In base 3, what is -10 - 110110021?
-110110101
In base 4, what is -11311 - 3123101?
-3201012
In base 6, what is 552051 - -5?
552100
In base 12, what is -287214 - -3?
-287211
In base 6, what is 5232 + 13405?
23041
In base 8, what is -1457 - -3?
-1454
In base 5, what is 3 - 341344?
-341341
In base 9, what is 16027 - -77?
16115
In base 3, what is 122112121 - -20?
122112211
In base 6, what is 10 - -420305?
420315
In base 4, what is -23210 + 333?
-22211
In base 10, what is 433 + -998?
-565
In base 3, what is 2011110120 - -2?
2011110122
In base 7, what is 2141 + -6634?
-4463
In base 14, what is 5d683 - 1?
5d682
In base 13, what is -5 - -2c4b6?
2c4b1
In base 12, what is -5 + 389702?
3896b9
In base 16, what is -1 - -7bf3?
7bf2
In base 7, what is 4 - -1441652?
1441656
In base 7, what is -1040150 + 2?
-1040145
In base 9, what is -16 + 20812?
20785
In base 8, what is -1122 + 10?
-1112
In base 8, what is -3 + 116134?
116131
In base 6, what is 22211 + -352?
21415
In base 8, what is -330773 + -5?
-331000
In base 2, what is -100 + -1010101100110?
-1010101101010
In base 13, what is 147 - -419?
563
In base 15, what is -1565e - 4?
-15663
In base 3, what is 1010 + 11010201?
11011211
In base 14, what is a6882 + -5?
a687b
In base 7, what is -1310 + -130?
-1440
In base 6, what is -12124302 - -5?
-12124253
In base 4, what is 1010022 + -2?
1010020
In base 13, what is 1637 + -6?
1631
In base 4, what is 13113 - 112?
13001
In base 10, what is 62 + -97052?
-96990
In base 16, what is -1156b - -7?
-11564
In base 2, what is 0 - 100001011010111001?
-100001011010111001
In base 11, what is 5 + -15692?
-15688
In base 4, what is 31222 + 12223?
110111
In base 11, what is 138 - 136?
2
In base 13, what is -7a - -73?
-7
In base 5, what is 200101 + -3?
200043
In base 15, what is 310a6 - 1?
310a5
In base 3, what is -12102 - 1222212?
-2012021
In base 13, what is 15c48 - 1a?
15c2b
In base 3, what is -211 + 100111121?
100110210
In base 6, what is 5051 + -55?
4552
In base 7, what is -266 - -11323?
11024
In base 12, what is 25 + 714?
739
In base 14, what is -1377 + 11?
-1366
In base 13, what is -76c + 4?
-768
In base 13, what is -157 - 182?
-309
In base 6, what is 2253 + -355?
1454
In base 5, what is 3 + 2100430?
2100433
In base 14, what is 3203a - 0?
3203a
In base 15, what is 8e151b + 5?
8e1521
In base 2, what is 100 - -11011110011100?
11011110100000
In base 15, what is 42709 + 0?
42709
In base 4, what is 10222002223 - -11?
10222002300
In base 13, what is 17a228 - -2?
17a22a
In base 15, what is -81 - 1514?
-1595
In base 11, what is -23843 - -4a?
-237a4
In base 11, what is -5 + -76a06?
-76a10
In base 13, what is 298c - a?
2982
In base 13, what is -1023ca + -4?
-102401
In base 12, what is 4 + 303a7?
303ab
In base 11, what is -252 + -6492?
-6734
In base 15, what is 54 - 13c3?
-136e
In base 11